) = -u + 8. Let c(d) = d**3 - 13*d**2 + 15*d - 25. Let x be c(12). Suppose x*q - 30 = 6*q. Give y(q).
2
Let b(d) = -3*d - 63. Let t be b(-22). Let m(q) = q**3 - q**2 - 2*q - 2. Calculate m(t).
10
Let l = -2 + 5. Let j(q) = q - 9. Let s(k) = -4*k + 9. Let x(n) = -n - 1. Let u(g) = s(g) - 2*x(g). Let d(z) = -4*j(z) - 3*u(z). What is d(l)?
9
Suppose 583*a + 446 = 636*a + 22. Let f(c) be the third derivative of c**4/12 - 3*c**3/2 - c**2. Calculate f(a).
7
Let j(h) = -1427*h**2 - 7 + 7*h - 2 + 1428*h**2. Calculate j(-8).
-1
Let a(x) = -3*x**3 + 8*x**2 - 11*x + 1. Let j(t) = 8*t**3 - 23*t**2 + 31*t - 4. Let o(y) = -11*a(y) - 4*j(y). Determine o(-5).
-5
Let w = -2 + -2. Let k(n) be the first derivative of -n**2 - 5*n + 423. Determine k(w).
3
Let k(m) = 0 + 2598*m - 2 - 2605*m. What is k(3)?
-23
Let o = 304 - -260. Let f(b) = 3*b**3 - 2*b**3 - 563 + b + o. What is f(-2)?
-9
Let z(u) be the third derivative of 19*u**5/30 - u**4/12 - u**3/6 + 13*u**2 + 6*u. What is z(-1)?
39
Let v(n) be the first derivative of n**2 - 4*n + 235. What is v(5)?
6
Let l(r) be the second derivative of -r**5/20 - r**4/3 + r**3/6 - 5*r**2/2 + 3*r. Suppose 3*x - 29 = k - 49, -3*k = -2*x - 25. Give l(x).
15
Let w(u) = u**3 - 3*u**2 + 2*u. Suppose 24 = 8*a - 0. Suppose a = 27*l - 26*l. Give w(l).
6
Let f(h) = -h**2 - 3*h + 6. Suppose -2*w - 3*r = w + 24, -4*w + 2*r - 20 = 0. Let i be -8 - w*(-1)/(-2). Give f(i).
-4
Let t(p) = -7*p + 43. Let h(v) = 11*v - 84. Let w(n) = -3*h(n) - 5*t(n). Give w(-18).
1
Let p(j) = 2*j**3 - j**2 + 3*j + 2. Let w(a) = -3*a**3 + a**2 - 4*a - 4. Let u(h) = -5*p(h) - 3*w(h). Calculate u(2).
-4
Let j(w) = -21*w**2 + 2*w - 1. Let y = -94 - -97. Suppose 3 = -h + 2*r, -2*h = h + y*r - 9. Give j(h).
-20
Let c(k) be the first derivative of -k**4/4 + 5*k**3/3 + k**2/2 - 8*k - 137. What is c(6)?
-38
Suppose -4*f - z = 92, f + 4*z + 5 = -3. Let l = f - -26. Let m(u) = -3*u + 0 + l*u + u**3 - 1. Calculate m(-1).
-1
Suppose 111*z = -78*z - 378. Let v(h) = -4. Suppose 0 = -o + 3, -o = -4*k + 4*o - 3. Let u(i) = -i - 1. Let n(l) = k*u(l) - v(l). Give n(z).
7
Let n(k) = 2*k**2 - 12*k + 8. Let a be n(14). Let q(b) = -3*b**2 + b**3 + 232 - a - 7*b. What is q(5)?
15
Suppose 0 = -18*k + 23*k + 25. Suppose 15 = -n + 6*n. Let a(p) = 2 - 5*p + 4*p**2 - 2 + p**n + 2. What is a(k)?
2
Let g(b) = 3*b + 1. Let m(j) = -5*j**3 - 2*j**2 + 3*j + 4. Let r be m(-1). Let w(z) = 2*z. Let n = -2 + -1. Let a(d) = n*g(d) + r*w(d). What is a(-6)?
3
Let i be ((-120)/(-5))/(-3) + 1. Let b(g) = 25*g**2 + 2*g + 2. Let p(j) = -37*j**2 - 3*j - 3. Let y(n) = i*b(n) - 5*p(n). What is y(-1)?
10
Let r(f) = -2*f + 10. Let p be (3/9)/((-238)/48 - -5). What is r(p)?
-6
Suppose 0 = x - 3*d + 11, -d + 5*d - 9 = x. Let p = 19 + x. Suppose 0 = p*t + t - 15. Let j(i) = -4*i + 6. Give j(t).
-14
Suppose 20*l = 11*l. Let h(k) be the first derivative of k**4/4 - k**3/3 + 5*k + 1. Calculate h(l).
5
Let r(n) = -n**3 - 4*n**2 + 3*n - 4. Suppose g - 4 = -3*s - 0, -5*s + 2*g = -14. Suppose s*v + 20 = 10. Determine r(v).
6
Let u(r) = -r**3 + 4*r**2 + 7. Suppose 357 = 9*j + 321. Give u(j).
7
Suppose 5*r + 8 = 4*a, -2*a - r - 2 = 8. Let t be 124/24 + a/18. Let f(c) = -c - 5*c + 5*c + 6 - c. Determine f(t).
-4
Let g be (5 - 45)/((-2)/(-2)). Let m = g - -20. Let w be ((-1)/1)/((-5)/m). Let s(y) = -y**3 - 3*y**2 + 4*y - 1. What is s(w)?
-1
Let r(u) = -19*u + 6 + 7*u**2 + 28*u - 11*u**2 - 14*u - 2*u**2. Give r(1).
-5
Let k(w) = 3*w + 29. Let z(i) = -2*i + 28. Let m be z(18). Let x be k(m). Let r(a) = -a**2 + 3*a + 6. Determine r(x).
-4
Let v(f) = -f**2 - 9*f - 11. Suppose -32*a = -a + 217. What is v(a)?
3
Let q = -1263 + 1273. Let k(a) = 2*a + 14. Give k(q).
34
Let p(h) = 6*h**3 + h**2 - 2. Let v be p(1). Let k(x) = -5*x + x**3 + 0*x - 3*x**2 - x**2. Calculate k(v).
0
Let a = -128 + 129. Let m(j) = -14*j. Determine m(a).
-14
Let p(d) = d - 2. Let l = -4 - -9. Suppose l = -0*o - 5*o. Let b be o/(-4) + 285/60. Calculate p(b).
3
Suppose -4*q - 5*q = -27. Let s(g) = g**3 - 2*g - 1. Let d(k) = -3*k - 1. Let x(y) = q*s(y) - 2*d(y). Determine x(1).
2
Let i(u) = -3*u. Let w = -102 + 107. Suppose 3*k = -2*q - k - 26, 5*q = 4*k + w. Determine i(q).
9
Let m be (((-180)/50)/3)/((-4)/(-30)). Let k(o) = o**3 + 8*o**2 - 7*o + 1. Calculate k(m).
-17
Let v(p) be the second derivative of p**4/12 - p**3/3 + 3*p**2 - p. Let c(d) = d**2 - 2*d + 5. Let s(i) = 4*c(i) - 3*v(i). Let g = 5 + -3. What is s(g)?
2
Suppose -14*s - 184 + 30 = 0. Let v(u) = u**3 + 11*u**2 + u - 1. What is v(s)?
-12
Let k(l) = l**3 - 4. Let j(m) = -m**3 - m**2 + 3*m - 1. Suppose 3*p + 20 = 23. Let n be j(p). Calculate k(n).
-4
Let h be 8/(-10)*(-35)/2. Let c = 20 - h. Let g(j) = 425*j - 141*j - 145*j + 3 + 1 - 137*j. Calculate g(c).
16
Let a = 6 - 6. Let m(k) = 3*k - 4 + k**2 - 2*k + a*k + 2*k. Let v = 36 + -40. Calculate m(v).
0
Let h(t) = -6*t - 4. Suppose 3*k - 2*k + 4*z = 23, k = 2*z - 7. Give h(k).
-22
Let x be (-27)/(-18)*5/((-30)/(-4)). Let a(y) = 5*y + y + y**3 - 4*y**2 + x - 10*y. Determine a(5).
6
Let k(a) = a**2 + 4*a - 9. Let y be k(-7). Let v(p) = 0 + 8*p + 3 - y*p. Calculate v(-4).
19
Let k(s) = -8*s**2 + 7*s - 10. Let n(d) = -7*d**2 + 6*d - 8. Let h(u) = -6*k(u) + 7*n(u). Give h(2).
0
Let o(x) = -1 + 4 - x - 2*x**2 + 4*x**2 - x**2. Suppose -p - 3 = 3*h, -h + 9 - 3 = -2*p. Calculate o(h).
3
Let r(l) = l**3 - 2*l**2 + 1. Suppose -382*s - 22 = -371*s. Determine r(s).
-15
Let z(q) = 1 + 3 - 8 + q. Suppose -9*o - 49 = 14. Determine z(o).
-11
Let h = 490 + -488. Let l(t) = -8*t + 9. What is l(h)?
-7
Let s be -11 - (2/6)/((-18)/270). Let z(k) = -2*k + 1. What is z(s)?
13
Suppose -39*m + 57*m + 180 = 0. Let j(x) = -x + 4. Calculate j(m).
14
Let p = -414 - -414. Let b(v) = 3*v + 7. What is b(p)?
7
Let c(a) be the first derivative of -10*a + 1/2*a**2 - 3. Give c(7).
-3
Let q(s) = 2*s + 1. Suppose 0*l + l - 2 = 0. Let y be q(l). Let u(a) = -a**3 - 1268 + 4*a**2 + 1268 + 4*a. What is u(y)?
-5
Let k(n) = 358*n**2 + 1 + n - 326*n**2 + n. Give k(-1).
31
Let u(h) = -h**2 - 13*h - 19. Suppose -90 = 8*j - 26. Give u(j).
21
Let x be (-4)/(-6) - (-2)/6. Let r(l) = l**3 + l**2. Suppose 4*v + 2 = 6. Let h(m) = 6*m**2 - m + 1. Let g(p) = v*h(p) - 5*r(p). Determine g(x).
-4
Let p be ((-2)/(-4))/((-3)/(-36)). Let f = p + 0. Let m(i) = 3*i - 5*i + i - 1 + 0*i. Give m(f).
-7
Let s(r) = r**2 + 10*r + 16. Let a be s(-8). Let d(q) = 6*q**2 + a + q**3 - 7 - q + 4. Suppose 0 = 3*m - 2 + 20. Give d(m).
3
Let y(v) be the first derivative of -1/120*v**6 + 0*v**4 + 2*v**2 + 0*v - 9 + 1/15*v**5 - 1/3*v**3. Let x(q) be the second derivative of y(q). What is x(4)?
-2
Let z(l) = 4*l**2 - 5*l**2 + 41*l + 7 - 39*l. What is z(6)?
-17
Let s be (-3 - -10) + 1 + 1/1. Suppose -5*m = -s*m + 20. Let b(x) = -x**3 + 6*x**2 - 4*x - 7. What is b(m)?
-2
Let t(d) = -4*d + 2. Let k(s) = -s. Let c(w) = 2*k(w) - t(w). Let l(v) = 3*v - 3. Let u(r) = -4*c(r) + 3*l(r). Give u(0).
-1
Let o = 27 + -27. Suppose -3*m + 16 = m. Let x(w) = m*w - 4*w - w**3 + w + 5. What is x(o)?
5
Let q(f) be the first derivative of -5*f**2/2 + 1. Suppose 98 + 1 = -b. Let n = b + 97. Determine q(n).
10
Let v(b) = -1 + 441*b - 1 - 457*b. What is v(1)?
-18
Let b(g) be the first derivative of g**2 - 7*g - 4. Let q(m) = -2*m + 2*m - 4*m + 3*m + 11. Let l be q(6). Give b(l).
3
Let v(u) = -5 - 4 + 20 - 13*u + u**2 - 4 - 4. Determine v(12).
-9
Let y = 117 + -148. Let b(i) = -2*i - 61. Let l be b(y). Let n(f) = 7*f - 1. Calculate n(l).
6
Let h(a) be the first derivative of -a**3/3 - a**2/2 - a + 1. Let v be 5/(-15) - ((-10)/(-6) - 2). What is h(v)?
-1
Let g(a) be the second derivative of a**5/20 + a**4/12 - a**3/3 - a**2 + a. Let q(h) = -h**3 + 4*h**2 - 6*h + 7. Let b be q(3). Determine g(b).
-2
Let o be ((-2)/4)/(7/(-70)). Let l(h) be the third derivative of h**5/60 - 7*h**4/24 - 393*h**2. What is l(o)?
-10
Suppose 0 = -4*h + 3*q + 8, 3*h - h + 5*q = 4. Suppose a + h = -a. Let d = 2 + a. Let l(b) = -4*b + 1. Give l(d).
-3
Let c(k) = -k**3 - 2*k - 6. Let v(w) = -w**3 - 1. Let y(a) = c(a) - 5*v(a). Let x = 10 + -9. Let u be 1 + x/((-3)/6). Give y(u).
-3
Let h(i) be the second derivative of -4*i**3/3 - 2*i**2 - 5*i. Determine h(4).
-36
Let k(j) = 6*j + 1. Let d = -377 + 376. Give k(d).
-5
Let d(p) = 65*p**2 - 12*p**2 - 4 + 3*p - 19*p**2 - 32*p**